u + 11*u. Let l be c(-5). Suppose -l*r - 20 = -40. List the prime factors of r.
2
Let m(z) = 70*z**2 + 2*z + 17. Let r(x) = -72*x**2 - 2*x - 17. Let q(f) = -3*m(f) - 4*r(f). What are the prime factors of q(2)?
3, 37
Suppose 68*r = 188*r - 4687765 - 2025035. What are the prime factors of r?
2, 5, 2797
Let x = -2386 + 4840. Suppose f = r + 806, -24 + x = 3*f + r. List the prime factors of f.
809
Suppose -y - 2*c = 65, 7*y + 353 = 2*y + 4*c. Let q = 197 + y. List the prime factors of q.
2
Let a be 1/((-15)/(-78)) + 2/(-10). Suppose 3*n - 2*k + 5 = 0, -5*k + a = -0*k. Let b = n - -5. List the prime factors of b.
2
What are the prime factors of (1 - -16703)*((-13)/5*-5 + -12)?
2, 3, 29
Suppose -5*t - 4*d + 14 = -2*d, 4*t - 3*d = 2. Let w be (1 + t)*28/12. Suppose w*i = 22 + 174. List the prime factors of i.
2, 7
Let d = -161 - -485. Let v = -121 + d. What are the prime factors of v?
7, 29
Let x(g) = 7600*g**2 - 31*g - 29. List the prime factors of x(-1).
2, 3, 7, 181
Let g be 410*6/15*2. Suppose 0 = -9*s + 1040 + g. List the prime factors of s.
2, 19
Suppose 2*a + 2*l = 3*l + 1362, 5*l = -2*a + 1350. Let s = 957 - a. Suppose -3*w + 106 = -w - 4*k, 4*w - s = -5*k. What are the prime factors of w?
3, 7
Suppose 4*r + 22 = -158. Let w be 12/(-36)*(0 + r). Let t(u) = 16*u - 59. List the prime factors of t(w).
181
Let y be (-9 - (1 - 4))/((-6)/27393). Suppose -37*t = -y + 5526. What are the prime factors of t?
3, 197
Suppose 5*w + 15 = 2*w. Let d(b) = 4*b**2 - 22*b - 11. List the prime factors of d(w).
199
Let w(r) = 18*r + 11. Let p be w(-7). Let x = -275 - p. Let i = 233 + x. What are the prime factors of i?
73
Suppose p + 29 = 112. Let y(d) = -15*d - 1286. Let o be y(-84). Let g = o + p. What are the prime factors of g?
3, 19
List the prime factors of (8799/6)/(28/16).
2, 419
Suppose -10595 = -5*y + 2*r + 2*r, -5*r = 0. Suppose 845 - y = -13*b. What are the prime factors of b?
2, 7
List the prime factors of (26 + -1128)/(11/(-22)).
2, 19, 29
Let o(f) = f**2 - 6*f + 2. Let s be o(5). What are the prime factors of (-2 - s)*(475 + -8)?
467
Let i = -2259 - -9758. What are the prime factors of i?
7499
Let t(g) = -g**3 - 3*g**2 - 2*g + 660. Let v be t(0). Suppose v = 4*r - z, 0*r - r - z + 160 = 0. List the prime factors of r.
2, 41
List the prime factors of 1*-5 - (-3639 - 27*(-8)/(-24)).
3643
Let d be -1*(-1 - ((-2 - -51) + -3)). Let n = d - 38. List the prime factors of -4 - (-39)/n - 736/(-6).
3, 41
Suppose -b - 456 + 10847 = 2*o, 0 = 2*b + 2*o - 20776. What are the prime factors of b?
5, 31, 67
Suppose 2 + 2 = -h, 2*y + 32 = 5*h. Let u = y - -27. Let j = 20 + u. List the prime factors of j.
3, 7
Suppose 0 = 9*m - 45, 12*g + 3*m + 251 = 14*g. Suppose -5*s = -255 + 10. Let h = g - s. List the prime factors of h.
2, 3, 7
Let a(v) = 369*v + 447. Let z(h) = 23*h + 28. Let r(j) = 2*a(j) - 33*z(j). Let o be -2 + (-4 - (-2 - -1)). List the prime factors of r(o).
3, 5
Let r = -411 - -67. Let c = r - -805. What are the prime factors of c?
461
Suppose -31*b + 4602780 = 137*b + 147*b. What are the prime factors of b?
2, 13, 281
Suppose -i + 2*z = -76759, -2*i = -4*i + 3*z + 153512. List the prime factors of i.
11, 6977
List the prime factors of 5660 - ((-1464)/(-305) - (-1)/5).
3, 5, 13, 29
Suppose 0 = j + 5*f - 16, 2*j - 5*f = 47. Let i be j*(36 + 2) - 10/(-5). Suppose 6*l - i = 40. What are the prime factors of l?
2, 5, 7
Suppose 2*g - 3 = -3*l, 4 + 11 = 5*g + 5*l. Suppose -c - 1483 = -4*j + 638, 2*c - g = 0. List the prime factors of j.
3, 59
Let x = -4323 - -7757. List the prime factors of x.
2, 17, 101
Let n(h) = 3*h + 10. Let z be n(-4). Let l be -66*z/(-8)*(-10)/5. Suppose 77*w = 74*w + l. List the prime factors of w.
11
Suppose -3*x + 0*x = 0. Suppose x = -16*i - 471 + 5079. What are the prime factors of i?
2, 3
Let z = 67042 + -40220. List the prime factors of z.
2, 13411
Let y(h) = -h**3 + 3*h**2 + 10*h + 2. Let v be y(5). Let i(j) = -3 - 2*j**2 + 4*j**2 + v - 14*j - j**2. List the prime factors of i(-10).
239
Suppose 36 - 6 = 6*p. Suppose -19*t + 842 = 2*y - 21*t, 0 = -p*y - t + 2093. What are the prime factors of y?
419
Let l(z) = z**3 + 56*z**2 + 12*z - 633. What are the prime factors of l(-45)?
2, 3, 3517
Suppose -37078 = -34*g - 29061 + 85415. List the prime factors of g.
2, 3, 229
Let d(k) = 357*k - 688. What are the prime factors of d(26)?
2, 4297
Suppose -4*c - 2*r - 2506 = 0, 3*r - 5 - 4 = 0. Let t = 1026 + c. What are the prime factors of t?
2, 199
Suppose -17*u - u = -164331 - 220041. What are the prime factors of u?
2, 3, 3559
Let q(y) = -473*y - 6941. List the prime factors of q(-50).
7, 11, 31
Let f(c) = 4*c**2 + 8*c - 8. Let r be f(-7). Suppose -127*d = -r*d + 2385. What are the prime factors of d?
3, 53
Let o(g) = 32035*g**2 + 77*g + 77. List the prime factors of o(-1).
5, 43, 149
Suppose -3*r - 14 = 4*r. Let c(w) = w**2 + w - 2. Let a be c(r). Suppose 2*q - 3*m = -a*q + 246, 3*q - 4*m - 367 = 0. What are the prime factors of q?
3, 13
Suppose 23 + 57 = -16*m. What are the prime factors of 102/18 + m - 1348/(-3)?
2, 3, 5
Let h(z) be the third derivative of z**6/120 + z**5/5 - 11*z**3/6 + 624*z**2 + 5*z. Let k(y) = -3*y**2 - 2*y. Let q be k(-2). List the prime factors of h(q).
5, 7
Let l(q) = 2227*q**2 - 468*q - 1395. List the prime factors of l(-3).
2, 3, 557
Suppose -26*x = -25*x + 4, 5*c = 3*x + 93322. List the prime factors of c.
2, 7, 31, 43
Let w = 30814 + -9654. List the prime factors of w.
2, 5, 23
Let c be (0 - 2/(-5))*5. Suppose 7*k + 2*h - 16 = 2*k, 3*k - 3*h + 3 = 0. Suppose 2*g - 2*u = 16, 29 + c = k*g + u. List the prime factors of g.
13
Let i(m) = -3*m**3 - 2*m**2 - 2*m - 1. Let o be i(-2). Let l(v) = -o + v**3 - v + 1 + 7*v**2 - v + v. What are the prime factors of l(-5)?
37
What are the prime factors of (-25459)/(-10) - (-47)/470?
2, 19, 67
Let j(t) = 1361*t + 146. List the prime factors of j(7).
17, 569
Let p(m) = 1713*m**2 + 29*m - 81. What are the prime factors of p(4)?
13, 2111
Let k(i) = -i**2 - 11*i - 9. Let x be k(-10). Let b(c) = 3*c + 75 + 53*c**2 - 3*c**2 - 23 - 26 - 28. What are the prime factors of b(x)?
3, 17
Suppose 0 = -165*p + 182*p - 18513. What are the prime factors of p?
3, 11
Let t be ((-9)/2)/((-6)/8). Let o(b) = -t*b - 5*b**2 + 5*b + 6*b - 2*b - b**3. List the prime factors of o(-7).
7, 11
Suppose -768 = -3*y + 5*a + 17422, -2*y = a - 12144. List the prime factors of y.
2, 5, 607
Suppose i - 5*b - 2797 - 918 = 0, 14904 = 4*i + 2*b. List the prime factors of i.
5, 149
Suppose -23*m + 416 = -19*m + 3*l, -m + 87 = 5*l. Suppose 4*p - 2 = -6. List the prime factors of 2/(2/m) - (p - -4).
2, 13
Let b be (-286)/(-9) + 5*(-2)/(-45). Suppose 0 = 5*w + 7 - b. Suppose -w*k + 2*y = 6*y - 167, 0 = 3*k - 5*y - 78. What are the prime factors of k?
31
Suppose -121*b = -125*b + 20. Suppose -o - 4*k = -257, b*k + 0*k = -2*o + 520. Let u = -159 + o. What are the prime factors of u?
2, 53
Suppose 62790 = 44*b - 21690. Suppose 5*j = n + 3196, 3*j - b = 84*n - 81*n. List the prime factors of j.
3, 71
Let k(r) = 2*r - 12. Let c be k(9). Let d be c/1*4/3. Suppose -380 = -d*t + 4*t. List the prime factors of t.
5, 19
Let q be (1 - -1) + 11/(44/24). Let d(g) = 2*g**2 - 16*g + 5. Let p be d(q). Suppose p*u - 4*b = -8*b + 124, 3*u = b + 71. List the prime factors of u.
2, 3
Let w(g) = -65*g + 1254. List the prime factors of w(-102).
2, 3, 73
Let b be (46 + -4 + 6)*2/6. Let p(n) = 56*n + 230. What are the prime factors of p(b)?
2, 563
What are the prime factors of -23 + 30 - (-2)/(6/4353)?
2, 3
Let j be (-3)/(5 - (3 - -1)). List the prime factors of j*3/(-18) - 2989/(-14).
2, 107
Suppose -7*h + 2 + 12 = 0. Let l be 43 + h/(-4 + 2) + -1. Let a = l - 6. List the prime factors of a.
5, 7
Let k be 205/(-1*(-3)/(-9)). Let x = 190 - k. List the prime factors of x.
5, 7, 23
Let d(v) = v**3 + 11*v**2 + 9*v - 10. Let k be d(-10). Suppose w + k = 5. List the prime factors of 1491/24 - w/40.
2, 31
Let u(j) = -j**2 + 50 + j**2 - 21 - 4 + 30*j + j**2. List the prime factors of u(-30).
5
List the prime factors of (-4)/(-5)*2811865/322.
2, 7, 499
Let q = -181 - -276. Let v = 518 - 307. Let r = v - q. List the prime factors of r.
2, 29
Let p = -21579 - -68986. What are the prime factors of p?
47407
Let r(l) = 40*l + 30. Let s = -430 + 438. L